{"id":178,"date":"2018-02-12T14:42:39","date_gmt":"2018-02-12T14:42:39","guid":{"rendered":"http:\/\/www.gem-shop.eu\/?page_id=178"},"modified":"2018-02-12T15:25:18","modified_gmt":"2018-02-12T15:25:18","slug":"uber-uns","status":"publish","type":"page","link":"https:\/\/www.gem-shop.eu\/?page_id=178","title":{"rendered":"\u00dcber mich"},"content":{"rendered":"<p><a href=\"http:\/\/www.gem-shop.eu\/wp-content\/uploads\/2018\/02\/IMG_0016.jpg\" rel=\"lightbox-0\"><img loading=\"lazy\" class=\"alignnone wp-image-188 size-medium\" src=\"http:\/\/www.gem-shop.eu\/wp-content\/uploads\/2018\/02\/IMG_0016-300x200.jpg\" alt=\"\" width=\"300\" height=\"200\" srcset=\"https:\/\/www.gem-shop.eu\/wp-content\/uploads\/2018\/02\/IMG_0016-300x200.jpg 300w, https:\/\/www.gem-shop.eu\/wp-content\/uploads\/2018\/02\/IMG_0016-768x512.jpg 768w, https:\/\/www.gem-shop.eu\/wp-content\/uploads\/2018\/02\/IMG_0016-1024x683.jpg 1024w, https:\/\/www.gem-shop.eu\/wp-content\/uploads\/2018\/02\/IMG_0016.jpg 1920w\" sizes=\"(max-width: 300px) 100vw, 300px\" \/><\/a><\/p>\n<p>Nach diversen Ausbildungen und Kursen u. a. bei Hubert Heldner in Montreux und bei der Deutschen Gemmologischen Gesellschaft in Idar Oberstein habe ich 2014 Gem-Shop gegr\u00fcndet.<\/p>\n<p>Die Hauptt\u00e4tigkeit ist das \u201eFacettieren\u201c von transparenten und lichtdurchl\u00e4ssigen Mineralien und Edelsteinen. Die besondere Kunst beim Facettieren ist es. f\u00fcr jeden Stein die optimale Kombination von Form und Schliffwinkeln zu finden und damit seine innere Sch\u00f6nheit perfekt zur Geltung zu bringen.<br \/>\nDie komplett eingerichtete Werkstatt verf\u00fcgt aber auch \u00fcber alle notwendigen Einrichtungen zum S\u00e4gen und Bohren von Edelsteinen sowie f\u00fcr den Cabochonschliff.<\/p>\n<p>Auf dieser Website sehen Sie eine kleine Auswahl von Arbeiten aus meiner Werkstatt. Vielleicht finden Sie hier genau den Stein der Sie begeistert \u2013 oder zu Ihrem ganz pers\u00f6nlichen Schmuckst\u00fcck inspiriert. Bitte kontaktieren Sie mich einfach, wenn Sie sich f\u00fcr einen speziellen Stein interessieren.<\/p>\n<p>&nbsp;<\/p>\n\n\t\t<style type=\"text\/css\">\n\t\t\t#gallery-1 {\n\t\t\t\tmargin: auto;\n\t\t\t}\n\t\t\t#gallery-1 .gallery-item {\n\t\t\t\tfloat: left;\n\t\t\t\tmargin-top: 10px;\n\t\t\t\ttext-align: center;\n\t\t\t\twidth: 33%;\n\t\t\t}\n\t\t\t#gallery-1 img {\n\t\t\t\tborder: 2px solid #cfcfcf;\n\t\t\t}\n\t\t\t#gallery-1 .gallery-caption {\n\t\t\t\tmargin-left: 0;\n\t\t\t}\n\t\t\t\/* see gallery_shortcode() in wp-includes\/media.php *\/\n\t\t<\/style>\n\t\t<div id='gallery-1' class='gallery galleryid-178 gallery-columns-3 gallery-size-thumbnail'><dl class='gallery-item'>\n\t\t\t<dt class='gallery-icon landscape'>\n\t\t\t\t<a href='https:\/\/www.gem-shop.eu\/wp-content\/uploads\/2018\/02\/IMG_8944.jpg' rel=\"lightbox[gallery-0]\"><img width=\"150\" height=\"150\" src=\"https:\/\/www.gem-shop.eu\/wp-content\/uploads\/2018\/02\/IMG_8944-150x150.jpg\" class=\"attachment-thumbnail size-thumbnail\" alt=\"\" loading=\"lazy\" \/><\/a>\n\t\t\t<\/dt><\/dl><dl class='gallery-item'>\n\t\t\t<dt class='gallery-icon landscape'>\n\t\t\t\t<a href='https:\/\/www.gem-shop.eu\/wp-content\/uploads\/2018\/02\/IMG_8929.jpg' rel=\"lightbox[gallery-0]\"><img width=\"150\" height=\"150\" src=\"https:\/\/www.gem-shop.eu\/wp-content\/uploads\/2018\/02\/IMG_8929-150x150.jpg\" class=\"attachment-thumbnail size-thumbnail\" alt=\"\" loading=\"lazy\" \/><\/a>\n\t\t\t<\/dt><\/dl><dl class='gallery-item'>\n\t\t\t<dt class='gallery-icon landscape'>\n\t\t\t\t<a href='https:\/\/www.gem-shop.eu\/wp-content\/uploads\/2018\/02\/IMG_0036.jpg' rel=\"lightbox[gallery-0]\"><img width=\"150\" height=\"150\" src=\"https:\/\/www.gem-shop.eu\/wp-content\/uploads\/2018\/02\/IMG_0036-150x150.jpg\" class=\"attachment-thumbnail size-thumbnail\" alt=\"\" loading=\"lazy\" \/><\/a>\n\t\t\t<\/dt><\/dl><br style=\"clear: both\" \/><dl class='gallery-item'>\n\t\t\t<dt class='gallery-icon landscape'>\n\t\t\t\t<a href='https:\/\/www.gem-shop.eu\/wp-content\/uploads\/2018\/02\/IMG_0044.jpg' rel=\"lightbox[gallery-0]\"><img width=\"150\" height=\"150\" src=\"https:\/\/www.gem-shop.eu\/wp-content\/uploads\/2018\/02\/IMG_0044-150x150.jpg\" class=\"attachment-thumbnail size-thumbnail\" alt=\"\" loading=\"lazy\" \/><\/a>\n\t\t\t<\/dt><\/dl><dl class='gallery-item'>\n\t\t\t<dt class='gallery-icon portrait'>\n\t\t\t\t<a href='https:\/\/www.gem-shop.eu\/wp-content\/uploads\/2018\/02\/IMG_0722.jpg' rel=\"lightbox[gallery-0]\"><img width=\"150\" height=\"150\" src=\"https:\/\/www.gem-shop.eu\/wp-content\/uploads\/2018\/02\/IMG_0722-150x150.jpg\" class=\"attachment-thumbnail size-thumbnail\" alt=\"\" loading=\"lazy\" \/><\/a>\n\t\t\t<\/dt><\/dl><dl class='gallery-item'>\n\t\t\t<dt class='gallery-icon landscape'>\n\t\t\t\t<a href='https:\/\/www.gem-shop.eu\/wp-content\/uploads\/2018\/02\/IMG_8910.jpg' rel=\"lightbox[gallery-0]\"><img width=\"150\" height=\"150\" src=\"https:\/\/www.gem-shop.eu\/wp-content\/uploads\/2018\/02\/IMG_8910-150x150.jpg\" class=\"attachment-thumbnail size-thumbnail\" alt=\"\" loading=\"lazy\" \/><\/a>\n\t\t\t<\/dt><\/dl><br style=\"clear: both\" \/><dl class='gallery-item'>\n\t\t\t<dt class='gallery-icon landscape'>\n\t\t\t\t<a href='https:\/\/www.gem-shop.eu\/wp-content\/uploads\/2018\/02\/IMG_8927_1.jpg' rel=\"lightbox[gallery-0]\"><img width=\"150\" height=\"150\" src=\"https:\/\/www.gem-shop.eu\/wp-content\/uploads\/2018\/02\/IMG_8927_1-150x150.jpg\" class=\"attachment-thumbnail size-thumbnail\" alt=\"\" loading=\"lazy\" \/><\/a>\n\t\t\t<\/dt><\/dl><dl class='gallery-item'>\n\t\t\t<dt class='gallery-icon landscape'>\n\t\t\t\t<a href='https:\/\/www.gem-shop.eu\/wp-content\/uploads\/2018\/02\/IMG_8891_b.jpg' rel=\"lightbox[gallery-0]\"><img width=\"150\" height=\"150\" src=\"https:\/\/www.gem-shop.eu\/wp-content\/uploads\/2018\/02\/IMG_8891_b-150x150.jpg\" class=\"attachment-thumbnail size-thumbnail\" alt=\"\" loading=\"lazy\" \/><\/a>\n\t\t\t<\/dt><\/dl>\n\t\t\t<br style='clear: both' \/>\n\t\t<\/div>\n\n","protected":false},"excerpt":{"rendered":"<p>Nach diversen Ausbildungen und Kursen u. a. bei Hubert Heldner in Montreux und bei der Deutschen Gemmologischen Gesellschaft in Idar Oberstein habe ich 2014 Gem-Shop gegr\u00fcndet. Die Hauptt\u00e4tigkeit ist das \u201eFacettieren\u201c von transparenten und lichtdurchl\u00e4ssigen Mineralien und Edelsteinen. Die besondere Kunst beim Facettieren ist es. f\u00fcr jeden Stein die optimale Kombination von Form und Schliffwinkeln [&hellip;]<\/p>\n","protected":false},"author":2,"featured_media":0,"parent":0,"menu_order":0,"comment_status":"closed","ping_status":"closed","template":"","meta":[],"_links":{"self":[{"href":"https:\/\/www.gem-shop.eu\/index.php?rest_route=\/wp\/v2\/pages\/178"}],"collection":[{"href":"https:\/\/www.gem-shop.eu\/index.php?rest_route=\/wp\/v2\/pages"}],"about":[{"href":"https:\/\/www.gem-shop.eu\/index.php?rest_route=\/wp\/v2\/types\/page"}],"author":[{"embeddable":true,"href":"https:\/\/www.gem-shop.eu\/index.php?rest_route=\/wp\/v2\/users\/2"}],"replies":[{"embeddable":true,"href":"https:\/\/www.gem-shop.eu\/index.php?rest_route=%2Fwp%2Fv2%2Fcomments&post=178"}],"version-history":[{"count":6,"href":"https:\/\/www.gem-shop.eu\/index.php?rest_route=\/wp\/v2\/pages\/178\/revisions"}],"predecessor-version":[{"id":205,"href":"https:\/\/www.gem-shop.eu\/index.php?rest_route=\/wp\/v2\/pages\/178\/revisions\/205"}],"wp:attachment":[{"href":"https:\/\/www.gem-shop.eu\/index.php?rest_route=%2Fwp%2Fv2%2Fmedia&parent=178"}],"curies":[{"name":"wp","href":"https:\/\/api.w.org\/{rel}","templated":true}]}}